3, 73
What are the prime factors of 22070838?
2, 3, 59, 62347
What are the prime factors of 222014?
2, 13, 8539
List the prime factors of 224446.
2, 112223
What are the prime factors of 793762?
2, 396881
What are the prime factors of 2306090?
2, 5, 31, 43, 173
What are the prime factors of 39693?
3, 101, 131
List the prime factors of 149766.
2, 3, 109, 229
List the prime factors of 3438771.
3, 7, 149, 157
List the prime factors of 218220.
2, 3, 5, 3637
List the prime factors of 36389397.
3, 11, 1102709
What are the prime factors of 1147389?
3, 382463
What are the prime factors of 92938?
2, 31, 1499
List the prime factors of 14139770.
2, 5, 137, 10321
What are the prime factors of 1080099?
3, 120011
List the prime factors of 686020.
2, 5, 34301
List the prime factors of 1876466.
2, 938233
What are the prime factors of 4835483?
4835483
List the prime factors of 8547575.
5, 53, 6451
List the prime factors of 224374.
2, 43, 2609
List the prime factors of 428364.
2, 3, 73, 163
List the prime factors of 836175.
3, 5, 11149
What are the prime factors of 42631?
89, 479
List the prime factors of 499902.
2, 3, 13, 17, 29
List the prime factors of 20033.
13, 23, 67
List the prime factors of 3719187.
3, 413243
List the prime factors of 1589382.
2, 3, 9811
What are the prime factors of 216861?
3, 72287
What are the prime factors of 167445?
3, 5, 61
List the prime factors of 4676349.
3, 53, 29411
List the prime factors of 7016662.
2, 19, 184649
What are the prime factors of 428381?
443, 967
List the prime factors of 2405695.
5, 29, 47, 353
What are the prime factors of 565739?
47, 12037
What are the prime factors of 113936?
2, 7121
What are the prime factors of 4255877?
4255877
List the prime factors of 73945.
5, 23, 643
List the prime factors of 1102828.
2, 59, 4673
What are the prime factors of 211422?
2, 3, 167, 211
What are the prime factors of 56862?
2, 3, 13
List the prime factors of 15263217.
3, 1695913
What are the prime factors of 131066?
2, 13, 71
List the prime factors of 1406927.
1406927
What are the prime factors of 1135346?
2, 567673
What are the prime factors of 4107?
3, 37
What are the prime factors of 414995?
5, 7, 71, 167
What are the prime factors of 19267744?
2, 23, 47, 557
What are the prime factors of 4700924?
2, 23, 37, 1381
List the prime factors of 1976563.
1976563
List the prime factors of 13459434.
2, 3, 59, 193, 197
List the prime factors of 368057.
41, 47, 191
What are the prime factors of 286006?
2, 7, 31, 659
List the prime factors of 192797.
11, 17, 1031
List the prime factors of 112980.
2, 3, 5, 7, 269
List the prime factors of 1541763.
3, 107, 1601
List the prime factors of 2184840.
2, 3, 5, 7, 17
List the prime factors of 328938.
2, 3, 73, 751
What are the prime factors of 2441830?
2, 5, 61, 4003
What are the prime factors of 51685?
5, 10337
What are the prime factors of 23429871?
3, 867773
What are the prime factors of 7458636?
2, 3, 521, 1193
What are the prime factors of 861810?
2, 3, 5, 23, 1249
What are the prime factors of 674585?
5, 134917
List the prime factors of 516079.
137, 3767
List the prime factors of 9485862.
2, 3, 1580977
List the prime factors of 189964.
2, 47491
What are the prime factors of 7776287?
7776287
What are the prime factors of 3220153?
3220153
What are the prime factors of 222359?
229, 971
What are the prime factors of 257621?
7, 13, 19, 149
List the prime factors of 464126.
2, 13, 17851
What are the prime factors of 191787?
3, 63929
What are the prime factors of 23203077?
3, 7734359
List the prime factors of 1619133.
3, 539711
List the prime factors of 1926827.
7, 39323
List the prime factors of 350304.
2, 3, 41, 89
List the prime factors of 103137.
3, 31, 1109
What are the prime factors of 287285?
5, 57457
List the prime factors of 522626.
2, 13, 20101
List the prime factors of 1747299.
3, 582433
What are the prime factors of 15381278?
2, 11, 63559
What are the prime factors of 159761?
7, 29, 787
List the prime factors of 597892.
2, 19, 7867
List the prime factors of 13121663.
79, 163, 1019
List the prime factors of 19726546.
2, 7, 61, 23099
What are the prime factors of 5432287?
7, 110863
List the prime factors of 1078225.
5, 17, 43, 59
List the prime factors of 1534683.
3, 173, 2957
List the prime factors of 409666.
2, 17, 12049
What are the prime factors of 23085?
3, 5, 19
What are the prime factors of 13407541?
7, 29, 66047
List the prime factors of 3158043.
3, 7, 150383
What are the prime factors of 9775577?
7, 43, 47, 691
What are the prime factors of 9510899?
9510899
What are the prime factors of 2301605?
5, 569, 809
List the prime factors of 2946390.
2, 3, 5, 98213
List the prime factors of 3081585.
3, 5, 13, 15803
What are the prime factors of 2517954?
2, 3, 29, 499
What are the prime factors of 34547958?
2, 3, 167, 1277
What are the prime factors of 196979?
17, 11587
What are the prime factors of 14590321?
37, 83, 4751
What are the prime factors of 1473709?
31, 137, 347
List the prime factors of 13186292.
2, 7, 1373
What are the prime factors of 6288486?
2, 3, 67, 15643
What are the prime factors of 475212?
2, 3, 199
List the prime factors of 668203.
668203
List the prime factors of 678799.
11, 23, 2683
List the prime factors of 593737.
97, 6121
What are the prime factors of 689434?
2, 19, 18143
What are the prime factors of 654650?
2, 5, 13093
List the prime factors of 10713775.
5, 428551
What are the prime factors of 1774419?
3, 79, 7487
List the prime factors of 5931323.
31, 73, 2621
List the prime factors of 5024547.
3, 11, 50753
What are the prime factors of 834537?
3, 11, 19
List the prime factors of 746409.
3, 59, 4217
List the prime factors of 367694.
2, 157, 1171
What are the prime factors of 576808?
2, 72101
What are the prime factors of 12921889?
113, 173, 661
What are the prime factors of 5049670?
2, 5, 504967
What are the prime factors of 1278822?
2, 3, 131, 1627
What are the prime factors of 14252986?
2, 11, 97, 6679
What are the prime factors of 512976?
2, 3, 10687
What are the prime factors of 98455?
5, 7, 29, 97
List the prime factors of 14294181.
3, 11, 79, 5483
List the prime factors of 3393045.
3, 5, 75401
What are the prime factors of 15834377?
13, 29, 97, 433
What are the prime factors of 6487903?
6487903
List the prime factors of 1173742.
2, 586871
What are the prime factors of 145433?
145433
What are the prime factors of 5864033?
7, 83, 10093
List the prime factors of 37649.
37649
What are the prime factors of 525890?
2, 5, 43, 1223
What are the prime factors of 182563?
17, 10739
List the prime factors of 6702863.
61, 109883
List the prime factors of 434435.
5, 17, 19, 269
What are the prime factors of 196801?
11, 17891
List the prime factors of 278600.
2, 5, 7, 199
What are the prime factors of 86268?
2, 3, 7, 13, 79
What are the prime factors of 10354?
2, 31, 167
List the prime factors of 68422.
2, 34211
List the prime factors of 4075129.
4075129
What are the prime factors of 889357?
7, 127051
What are the prime factors of 230178?
2, 3, 13, 227
List the prime factors of 5510257.
89, 101, 613
List the prime factors of 136706.
2, 29, 2357
List the prime factors of 1023766.
2, 557, 919
List the prime factors of 672120.
2, 3, 5, 1867
What are the prime factors of 10535028?
2, 3, 7, 167, 751
List the prime factors of 4635948.
2, 3, 386329
What are the prime factors of 4412514?
2, 3, 735419
List the prime factors of 1468547.
1468547
List the prime factors of 11328122.
2, 13, 239, 1823
What are the prime factors of 13089803?
19, 191, 3607
What are the prime factors of 550683?
3, 7, 8741
List the prime factors of 323945.
5, 67, 967
List the prime factors of 113142.
2, 3, 109, 173
What are the prime factors of 311692?
2, 29, 2687
What are the prime factors of 2625239?
499, 5261
List the prime factors of 7642813.
7642813
List the prime factors of 61822.
2, 30911
List the prime factors of 1348250.
2, 5, 5393
What are the prime factors of 1975056?
2, 3, 23, 1789
List the prime factors of 2598855.
3, 5, 7, 53, 467
What are the prime factors of 853045?
5, 170609
What are the prime factors of 216345?
3, 5, 14423
List the prime factors of 290531.
290531
List the prime factors of 20660174.
2, 10330087
List the prime factors of 2024477.
7, 13, 22247
List the prime facto